14
What is the greatest common factor of 494 and 1292?
38
Calculate the greatest common divisor of 38 and 323.
19
What is the greatest common factor of 45 and 16470?
45
What is the highest common factor of 3410 and 1650?
110
Calculate the greatest common divisor of 100 and 225.
25
What is the highest common factor of 21 and 6?
3
Calculate the highest common factor of 31 and 1271.
31
What is the highest common divisor of 3 and 2157?
3
Calculate the greatest common factor of 23784 and 24.
24
Calculate the highest common divisor of 205 and 451.
41
Calculate the greatest common divisor of 368 and 138.
46
What is the highest common factor of 28 and 88?
4
Calculate the greatest common factor of 473 and 215.
43
What is the highest common divisor of 5 and 5065?
5
Calculate the greatest common factor of 10 and 134.
2
What is the highest common factor of 56 and 1344?
56
What is the highest common divisor of 635 and 130?
5
What is the greatest common divisor of 68 and 108?
4
Calculate the highest common factor of 107 and 5.
1
Calculate the highest common factor of 65 and 5.
5
Calculate the greatest common divisor of 3749 and 23.
23
Calculate the highest common divisor of 23 and 437.
23
Calculate the greatest common factor of 40 and 32.
8
What is the greatest common divisor of 10 and 8?
2
What is the greatest common divisor of 750 and 18?
6
Calculate the greatest common divisor of 7 and 21.
7
Calculate the greatest common divisor of 1 and 1.
1
Calculate the highest common factor of 48 and 1944.
24
What is the greatest common factor of 1353 and 99?
33
Calculate the greatest common factor of 12 and 1500.
12
Calculate the highest common divisor of 492 and 656.
164
Calculate the highest common factor of 23012 and 132.
44
Calculate the greatest common divisor of 1155 and 616.
77
What is the highest common divisor of 19 and 1235?
19
What is the highest common factor of 33159 and 21?
21
Calculate the greatest common divisor of 161 and 46.
23
Calculate the highest common factor of 80 and 288.
16
Calculate the greatest common divisor of 100 and 550.
50
Calculate the greatest common divisor of 1955 and 230.
115
What is the greatest common factor of 7120 and 240?
80
Calculate the greatest common divisor of 77 and 143.
11
What is the highest common divisor of 8 and 14?
2
Calculate the greatest common factor of 270 and 2745.
45
What is the greatest common factor of 143 and 39?
13
Calculate the greatest common divisor of 1441 and 55.
11
Calculate the highest common factor of 45 and 4770.
45
Calculate the greatest common divisor of 40 and 50.
10
What is the highest common factor of 44 and 220?
44
Calculate the highest common factor of 253 and 88.
11
Calculate the highest common divisor of 75 and 3225.
75
What is the highest common factor of 190 and 855?
95
What is the greatest common factor of 306 and 510?
102
What is the highest common divisor of 10375 and 125?
125
Calculate the highest common factor of 1 and 233.
1
What is the highest common divisor of 42 and 672?
42
Calculate the highest common divisor of 36 and 426.
6
What is the greatest common divisor of 704 and 66?
22
What is the greatest common divisor of 260 and 40?
20
Calculate the greatest common divisor of 942 and 157.
157
What is the greatest common divisor of 46 and 529?
23
Calculate the greatest common factor of 130 and 2210.
130
What is the greatest common divisor of 2101 and 22?
11
Calculate the highest common factor of 250 and 650.
50
Calculate the highest common divisor of 1742 and 104.
26
Calculate the greatest common divisor of 36 and 270.
18
What is the greatest common divisor of 4619 and 31?
31
What is the highest common factor of 120 and 1020?
60
Calculate the highest common divisor of 108 and 516.
12
Calculate the highest common factor of 36 and 621.
9
Calculate the greatest common factor of 1734 and 187.
17
Calculate the greatest common factor of 160 and 84.
4
What is the highest common divisor of 54 and 84?
6
Calculate the greatest common factor of 184 and 713.
23
Calculate the greatest common divisor of 5151 and 51.
51
Calculate the highest common factor of 11 and 5379.
11
What is the highest common divisor of 208 and 442?
26
Calculate the greatest common factor of 8099 and 455.
91
What is the highest common divisor of 551 and 29?
29
Calculate the greatest common divisor of 54 and 26.
2
What is the greatest common divisor of 75 and 40?
5
Calculate the greatest common divisor of 216 and 104.
8
Calculate the greatest common factor of 45 and 65.
5
What is the highest common factor of 153 and 1955?
17
Calculate the highest common factor of 107 and 1391.
107
What is the greatest common factor of 10 and 235?
5
Calculate the greatest common factor of 66410 and 290.
290
What is the greatest common divisor of 1978 and 46?
46
What is the highest common divisor of 18 and 438?
6
What is the greatest common factor of 136 and 289?
17
Calculate the highest common divisor of 429 and 195.
39
What is the greatest common divisor of 372 and 1209?
93
What is the highest common factor of 777 and 105?
21
Calculate the greatest common divisor of 90 and 630.
90
Calculate the highest common factor of 63 and 9387.
63
Calculate the highest common divisor of 12 and 928.
4
What is the greatest common divisor of 881 and 4?
1
What is the highest common divisor of 451 and 7257?
41
What is the highest common factor of 11 and 77?
11
Calculate the highest common divisor of 7 and 203.
7
Calculate the greatest common divisor of 8312 and 8.
8
What is the greatest common divisor of 2146 and 74?
74
Calculate the highest common divisor of 65 and 10.
5
What is the greatest common divisor of 4 and 716?
4
Calculate the greatest common factor of 418 and 190.
38
Calculate the greatest common factor of 120 and 4410.
30
Calculate the highest common divisor of 13 and 131.
1
Calculate the highest common divisor of 1110 and 30.
30
What is the highest common divisor of 5 and 1134?
1
Calculate the greatest common divisor of 304 and 893.
19
Calculate the highest common factor of 795 and 85.
5
What is the greatest common factor of 3161 and 174?
29
What is the highest common factor of 790 and 20?
10
Calculate the highest common divisor of 1183 and 26.
13
What is the highest common factor of 42 and 1218?
42
What is the greatest common divisor of 20 and 290?
10
What is the greatest common divisor of 7 and 77?
7
What is the highest common factor of 12243 and 33?
33
What is the greatest common divisor of 10 and 52?
2
What is the highest common divisor of 150 and 30?
30
What is the highest common divisor of 870 and 9222?
174
Calculate the greatest common divisor of 2 and 22.
2
What is the greatest common factor of 50 and 230?
10
What is the highest common divisor of 34 and 425?
17
Calculate the greatest common divisor of 27694 and 122.
122
What is the greatest common divisor of 561 and 924?
33
What is the highest common divisor of 944 and 3422?
118
Calculate the highest common divisor of 369 and 2829.
123
What is the highest common factor of 1104 and 432?
48
Calculate the highest common divisor of 30 and 210.
30
Calculate the greatest common factor of 396 and 144.
36
Calculate the greatest common factor of 59 and 10207.
59
What is the greatest common divisor of 885 and 45?
15
What is the highest common factor of 108 and 4374?
54
What is the greatest common factor of 15 and 5415?
15
Calculate the greatest common factor of 55 and 99.
11
What is the greatest common factor of 384 and 24?
24
What is the greatest common divisor of 36 and 8?
4
What is the greatest common factor of 90 and 360?
90
Calculate the greatest common factor of 26 and 39.
13
What is the highest common factor of 297 and 561?
33
Calculate the greatest common divisor of 4266 and 1738.
158
What is the greatest common divisor of 360 and 48?
24
What is the greatest common factor of 18 and 3?
3
What is the highest common factor of 868 and 5332?
124
What is the highest common divisor of 17 and 1003?
17
Calculate the greatest common divisor of 893 and 209.
19
Calculate the greatest common divisor of 329 and 94.
47
Calculate the greatest common divisor of 48 and 42.
6
Calculate the highest common divisor of 12 and 216.
12
Calculate the greatest common divisor of 851 and 37.
37
Calculate the 